Let u(z) = -6*z + 29. Let c(j) = -j**3 - 8*j**2 + 75*j + 594. Let x be c(-8). What is u(x)?
65
Let v(s) = 520*s + 3105. Let l be v(-6). Let t(h) = -3*h - 37. Determine t(l).
8
Let w(n) = -n + 21 + 17 + 16 - 92 - 4*n. What is w(-17)?
47
Let a(u) = -u**2 + 6*u - 2. Let c(p) = 4*p**2 - 4*p - 1. Let z be c(3). Let f = z - 8. Suppose 2*s + 5 - f = 0. Determine a(s).
3
Let a be (6/(-15))/(3/(-15)). Let h be 4/10*(a + -7). Let k(i) = -82976*i + 82975*i + 29 - 33. Give k(h).
-2
Let y(h) be the third derivative of h**4/24 + 17*h**3/6 - 625*h**2. Determine y(-15).
2
Let h be (108/10)/((-9729)/(-5405)). Suppose 2*n = 6*n - 16. Let p(z) = z + 1. Let q(f) = -f - 1. Let l(s) = n*q(s) + 3*p(s). Give l(h).
-7
Let g = 209 - 143. Let i be 6/21 + g/14. Let z(f) = 2*f + 76. Let p(h) = h + 47. Let c(x) = 5*p(x) - 3*z(x). Determine c(i).
2
Let g(m) = 1980 - 997 - 983 - 8*m**2 - m. Give g(0).
0
Let v(m) = 42*m - 4*m - 36*m. Let r(i) = -33*i + 3. Let x(g) = -r(g) - 18*v(g). Let h = -1 - 4. What is x(h)?
12
Let f(j) = -4*j - 1. Let a = -314 + 319. Let d(k) = k**2 + 15*k + 13. Let u(g) = a*f(g) + d(g). Determine u(7).
22
Let f(b) = 7*b**2 - 6*b - 3. Let w = 192 - 189. Let z(v) = 7*v**2 - 5*v - 2. Let j(c) = w*z(c) - 2*f(c). Calculate j(2).
22
Let d(k) = -k - 3*k + 5*k + 3*k**2 + 9*k**3 - 10*k**3 - 1. Let q = -11438 - -11441. Give d(q).
2
Let d = 6455 - 6452. Let f(x) be the second derivative of -3*x**2 + 0 - 1/3*x**3 - d*x. Determine f(-4).
2
Let b(a) = a + 6 - 9 - 2. Let p be -4*16/(-160)*5. Determine b(p).
-3
Let o(z) = 12*z - 106. Let b(d) = -11*d + 144. Let g(v) = 4*b(v) + 5*o(v). Give g(-3).
-2
Let b(d) be the third derivative of d**4/8 - d**3/3 - 2*d**2. Let f be (10*(-6)/(-16))/(21/28). Suppose -3*k + 3*q = 2*q - 14, -5*k + 10 = f*q. Determine b(k).
10
Suppose 9*c - 189 = 2*c. Suppose 71 = 4*n + c. Let j(l) = l - 1 + n*l + l - 32*l. Give j(-1).
18
Let w(f) = 3*f + 9. Let v(n) = 7*n + 18. Let x(z) = 4*v(z) - 9*w(z). Suppose 161*d = -4*g + 159*d + 34, -d = g - 10. Calculate x(g).
-2
Let b be (3 + 117/(-18))/(14/(-24)). Let x(s) = -s**3 + 7*s**2 + 7*s - 2. Calculate x(b).
76
Let l(x) = -x**3 - 6*x**2 + x + 6. Let c be l(-6). Let t(v) = 0 - v + 0 + 1 + c. Let g be (6/12*(-10)/(-4))/((-11)/(-44)). Determine t(g).
-4
Suppose 37 = 5*a - 13. Let x = -16 + a. Let r(u) = -23461*u + 11660*u + 11802*u + 9. Calculate r(x).
3
Suppose -5*a + 146*o = 145*o - 128, 136 = 4*a + 4*o. Let q(v) = -v**3 + 28*v**2 - 24*v - 39. Give q(a).
42
Let l(m) be the second derivative of m**4/24 - 2*m**3/3 + 6*m**2 - 21*m. Let j(k) be the first derivative of l(k). Give j(-4).
-8
Let b be (-4 + (-1 - -4))*3. Let k(n) be the first derivative of n**4/4 + n**3/3 - n**2 - 157. Calculate k(b).
-12
Let v(b) = -b + 6 + b + 3*b. Let m be (-6)/8*(-264)/99. Let z(l) = 7*l + 13. Let a(d) = m*z(d) - 5*v(d). Calculate a(3).
-7
Let b = -801 - -800. Let t(n) = 4*n - 29. Let w(o) = -8. Let i(l) = b*t(l) + 3*w(l). Calculate i(-4).
21
Let o(s) be the second derivative of -s**5/20 - 7*s**4/12 - s**3/2 + s**2/2 + s. Let w(d) = 47*d**2 - 253*d + 84. Let m be w(5). Calculate o(m).
-17
Let n(o) = -61 + 16 + 19 + 23 + 17 - 12*o + o**2. Let p be (-2)/13 + ((-465)/(-65) - -3). Give n(p).
-6
Let d(y) = -2*y**3 + 4*y**2 - y - 2. Let h be d(2). Let k be (h/(-4))/(5/(-20)). Let v(x) = x**2 + 2. What is v(k)?
18
Let h(x) = x**3 - 7*x**2 - 7*x - 8. Let w = 2609 + -2602. Calculate h(w).
-57
Let b(y) = -y**3 + 7*y**2 - 13*y + 12. Let k = 3731 + -3726. Determine b(k).
-3
Let v(h) = -13*h**3 + 2*h**2 - h + 9. Let q(s) = 2*s**3 + s**2 + 2*s + 1. Let d(y) = 6*q(y) + v(y). Calculate d(9).
33
Let g(v) be the first derivative of -2*v**2 - 17*v + 78. Give g(-5).
3
Let b be (-3)/(-7) + (-296)/(-28) + 2. Suppose -3*z = -8 - b. Suppose 2*o - z*o - 35 = 0. Let q(t) = t**3 + 7*t**2 + 3. Determine q(o).
3
Suppose -3*k - 5 = 7. Let q(v) be the second derivative of 2/3*v**3 + 1/12*v**4 + 0 + 1/2*v**2 - 75*v. Give q(k).
1
Let m(u) be the third derivative of -u**5/60 + 17*u**4/8 + 172*u**3/3 - 3*u**2 + u - 12. Determine m(57).
2
Suppose -3*d = 3*z - 12, 0 = -4*z - 6*d + d + 11. Let p(y) = -7*y - 24. Let f(l) = 3*l + 11. Let u(a) = z*f(a) + 4*p(a). Determine u(-3).
6
Let p(i) = 2*i**3 + 30*i + 9. Let b be p(0). Let c(h) = 2*h**2 - 22*h + 39. Give c(b).
3
Suppose -6*k - 552 = -3582. Let n = 496 - k. Let p(v) = v - 2. What is p(n)?
-11
Let v(b) = -2*b - 4*b + 3*b - 2*b - 4. Suppose -5*k + 46 = i, 4*i - 2*i + 20 = 4*k. Determine v(i).
-34
Let u(i) = -i - 2. Let h(v) = 2*v + 6. Let z = -97 - -93. Let y be -4 + 28/z - -3. Let k(r) = y*u(r) - 3*h(r). Give k(3).
4
Let i(u) = u**3 - u**2 + 3*u + 12. Let p be i(-3). Let d = 26 + p. Let x(v) = -v**2 - 9*v - 2. Calculate x(d).
12
Let k(d) = -2*d**3 - 28*d**2 - 68*d - 28. Suppose 0 = -3987*i + 4154*i + 1837. Give k(i).
-6
Let b(y) = 386*y + 385. Let z be b(-1). Let d(p) = 41*p. What is d(z)?
-41
Let i(x) = -365*x - 346*x - 4 + 708*x. Let w be -5*(0 - 1)*1. What is i(w)?
-19
Let q(v) = -v**2 + 15*v + 37. Let x be ((-837)/2)/(9/(-18 + 0)). Suppose 174 - x = -39*f. Calculate q(f).
3
Let r(h) = -7*h**2 - 130*h + 2. Let t be r(-6). Let j = -523 + t. Let l(z) = -9 - 6 + z + 11. Calculate l(j).
3
Let n(q) = -q**2 + 4*q - 3. Let p(g) = g**2 - 11*g + 20. Let l be p(9). Suppose l*u + 46 + 8 = 0. Let c = 30 + u. What is n(c)?
0
Let s(c) = 2*c - 1. Let r be s(-1). Let n be ((-35)/(-15))/((-7)/(-63)). Let k(b) = n + 20 - 41 - b. Determine k(r).
3
Let i(k) be the second derivative of -k**5/20 - 2*k**4/3 - 5*k**3/6 + 5*k**2/2 - 311*k. Suppose 0 = -2*l - 3*w + 5 - 28, -3*l = -5*w + 6. What is i(l)?
-9
Let n(o) be the first derivative of o**2/2 - 47*o - 5473. What is n(15)?
-32
Suppose -4 = 5*j + 2*r + 200, j - 2*r + 48 = 0. Let f(x) = -2*x**2 + 2*x - 1. Let o be f(-4). Let y = j - o. Let h(p) = -4*p. Calculate h(y).
4
Let o(f) be the third derivative of -f**4/24 - 5*f**3/6 + 3*f**2 + 11. Suppose 22*q + 16 = 18*q. Give o(q).
-1
Let h(u) = 17*u**2 - 3*u + 131. Let f(a) = 23*a**2 - 4*a + 129. Let w(t) = 3*f(t) - 4*h(t). Determine w(-12).
7
Let p(g) = -g**3 + 10*g**2 + 10*g + 14. Let k(s) = -2*s**2 - 29*s - 18. Let o be k(-12). Suppose z = -3*z + t + o, 2*t = 2*z - 18. Calculate p(z).
3
Let w(s) = -s**3 - 12*s**2 - 26*s + 6. Let d = 10892 + -10901. Give w(d).
-3
Suppose 4*f - 21 = 29*j - 24*j, 0 = -4*f - 4*j - 24. Let q be (-11 - f)/((-122)/(-61)). Let x(h) = 2*h**2 + 6*h - 4. What is x(q)?
16
Let m(b) be the first derivative of -17*b**2 + 72*b + 5901. What is m(2)?
4
Suppose 0 = n + 6*v + 31, 5*n - 31*v = -33*v + 13. Let y(a) = -a**3 + 4*a**2 + 2*a - 12. Determine y(n).
-27
Let a = 69 - 74. Let q(h) be the first derivative of -h**4/4 - 5*h**3/3 - h**2 - 5*h - 170. What is q(a)?
5
Suppose 13*z + 72 = 7*z. Let q(l) be the first derivative of -l**2/2 - 19*l - 130. Give q(z).
-7
Let d(u) = -56*u + 227. Let w be d(4). Let n(t) = -t**3 - 12*t**2 + 0*t**3 - w + 33*t - 57*t + 36*t. Calculate n(-13).
10
Let o be ((-28)/(-70))/(16/(-280)). Let c(w) = 9*w + 63. Calculate c(o).
0
Let p(o) be the second derivative of 5*o**4/12 + o**3/2 + 3*o**2/2 - 4*o + 2. Let t = -970 - -969. Give p(t).
5
Let r be 2/5 - ((-6)/(-60))/((-1)/26). Let q(k) be the first derivative of 7*k**2/2 + k + 1. What is q(r)?
22
Let b(h) = 29*h - 3. Suppose 122*s = 2544 - 2422. Calculate b(s).
26
Let g(n) = -1 + 2*n - 3*n**3 - 3*n**2 + 0 + 3*n**2. Let f be ((-12)/(-10))/((-2)/(-10)). Let c be -2 + (11/(-33) - (-20)/f). What is g(c)?
-2
Let g(b) be the first derivative of -1/3*b**3 - 4*b**2 - 5*b - 3. Let o be 1 + (-48)/7 - ((-135)/(-35))/27. Determine g(o).
7
Let t(z) = 9*z**3 - 5*z**2 - 32*z - 21. Let y(n) = 4*n**3 - 3*n**2 - 16*n - 11. Let k(s) = 3*t(s) - 7*y(s). Calculate k(8).
14
Let g(d) be the first derivative of 7*d**2/2 - 9*d + 489. Calculate g(6).
33
Suppose 21 = -5*y - 3*m + 1, 18 = -3*y - 3*m. Let u be -2*(-7 + (-1 - -7)). Let i(z) = -z + 21569 + z - 21568 + 17*z**u. What is i(y)?
18
Let s = 396 - 401. Let a be (-13)/((-390)/(-204)) + 1/s. Let z(b) = -b**3 + 9*b**2 + b**3 + b**3 + 6 + 7*b - b**2. Calculate z(a).
6
Let q(n) = 19*n + 19*n**2 - 20*n**2 + 3 + 24*n + 17*n - 65*n + n**3. Suppose 12 = 3*w, -3*w - 4 = -5*t + 4. Calculate q(t).
31
Let v = 62 - 51. Let n(a) = 19 - a - v + 4*a + 0*a - a. Determine n(-11).
-14
Let a(j) = 24*j - 154. Let d(r) = 22*r - 1